 3*g + 5*p = i*g - 82, 0 = -3*g - p + 52. Calculate the remainder when g is divided by 10.
8
Let j(d) = -2*d + 6. Let t be j(4). What is the remainder when (616/35)/(t/(-10)) is divided by 30?
28
Let s(f) = -f**3 - 11*f**2 - f - 6. Let z be s(-11). Suppose z*i - 88 = 22. What is the remainder when i is divided by 12?
10
Let x = 11 + -4. What is the remainder when 13 is divided by x?
6
Let z(b) = b**2 - 5*b - 6. Calculate the remainder when -15*(-7 + -3 - -7) is divided by z(7).
5
Let a(b) = 9*b**2 + 3*b - 3. Let g(c) = c + 5. Let t be g(-8). What is the remainder when a(t) is divided by 18?
15
Suppose 3*n - 48 = -2*h, -h - 73 = -4*h - 4*n. What is the remainder when h is divided by 7?
6
Let s(t) = 2*t**3 - t**2 + 3*t - 2. Let g be s(2). What is the remainder when 67 is divided by (-2)/(-4) - (-360)/g?
21
Let x = -18 + 23. Suppose -3*a + 2*r = -43, 3*r + r = -8. Suppose -a = 3*v - 4*v. What is the remainder when v is divided by x?
3
Suppose -r + 5 = -16. Calculate the remainder when 60 is divided by r.
18
Suppose 0 = -5*p + 23 + 7. Let y be (4/6)/((-4)/(-54)). Let w = y + p. What is the remainder when 43 is divided by w?
13
Suppose -4*y = -3*j + 59, -5 + 3 = -2*y. Suppose 0 = 2*k + 2*q - 3*q - 13, -7 = -k + q. What is the remainder when j is divided by k?
3
Let h(p) = p**3 + 4*p**2 - 4*p. Suppose a - 436 = 4*v - 0*a, 0 = -5*v - 4*a - 566. Let f = v - -157. What is the remainder when f is divided by h(-4)?
15
Suppose 3*b - 14 = -2*t + 1, 3*b = -3*t + 12. Suppose 51 = 5*g + 3*y - 7*y, 4*y + b = g. Calculate the remainder when 34*1 - -4*5/(-10) is divided by g.
10
Suppose -3*p = 5*o - 36, -2*p + 3*o - o = -8. Calculate the remainder when (2/3)/(10/285) is divided by p.
5
Suppose -58 = -4*i - l + 4, 3*l = -4*i + 58. Calculate the remainder when i is divided by 6.
4
Suppose -16 = -3*k + 74. Let o(d) = d - 5 + 3 + 4 - d**3. Calculate the remainder when k is divided by o(-2).
6
Let t(i) = 2*i - 2. Let h be t(4). Suppose 0*s - 9 = -3*s + 2*u, 2*u - h = 0. Calculate the remainder when s is divided by (1 - -1) + 1 + -1.
1
Suppose 0 = -2*m + 5*m - 3, -f - 3*m + 31 = 0. What is the remainder when f is divided by 15?
13
Let t = 15 + 5. Calculate the remainder when 97 is divided by t.
17
Let s(r) = 49*r**2 - 1. Calculate the remainder when s(-1) is divided by 25.
23
Let y(r) = r**2 + 5*r + 10. Let j be y(-8). Suppose -3*s = -g - 28, 5*g + j - 14 = 0. Calculate the remainder when 22 is divided by 0 + (-6)/(-4)*s.
10
Let l(p) = p**2 - 3*p - 2. Suppose 3*v = -4*n + 19, n - 6 = -4*v + 28. What is the remainder when l(-4) is divided by v?
8
Suppose v + 3*v = 12. Calculate the remainder when v is divided by 4/16 + 22/8.
0
Suppose 4*k = 5*k - 21. What is the remainder when 0 - (-58 + (-4 - -2)) is divided by k?
18
Let r = -1 - -4. Suppose -25*j = -15*j - 50. What is the remainder when j is divided by r?
2
Let d(u) = u**3 - 18*u**2 + 35*u - 27. What is the remainder when 79 is divided by d(16)?
16
Suppose 2*f = -u - 2*f + 32, 4*f = -3*u + 56. Let t = 0 + u. What is the remainder when 45 is divided by t?
9
Let w = -14 - -22. Suppose 4*a = w - 32. Let x = a + 8. What is the remainder when 3 is divided by x?
1
Calculate the remainder when 18 is divided by 1/(45/11 + -4).
7
Suppose 4*p - 4*x = x + 28, -2*p + 5*x = -14. Suppose -9 - p = -4*w. Calculate the remainder when 2/(-8) + 141/w is divided by 12.
11
Suppose u = 4*g + 52, 3*g - 43 = -3*u + 38. Let l = u - 19. Calculate the remainder when 24 is divided by l.
11
Let y = -6 + 7. Suppose -3*w + 175 = 2*w. Calculate the remainder when w is divided by ((-6)/(-5))/(y/15).
17
Suppose 5*l = 2*j - 18, -l + 6 = -3*j + 46. Calculate the remainder when 55 is divided by j.
13
Let j(b) = -b**2 + b + 17. Let t be -3 + 3 - (-2 + 2). Let u = t + 0. What is the remainder when 33 is divided by j(u)?
16
Let y be -1*(-3 + 5 + -7). Suppose 7*d - 3*d + x = 72, -y*x = -d + 18. Let m = -58 - -92. Calculate the remainder when m is divided by d.
16
Let r(h) = -7*h + 1. Let q be r(-1). Let j be ((-2)/4)/(2/q). Calculate the remainder when 16 - (4 + j) - 0 is divided by 5.
4
Suppose -n + 2*g - 36 = -7, -76 = 3*n + 5*g. Suppose -2*i - 6 = 3*r - 5*i, 0 = -2*r + 5*i + 11. Let q = r - n. What is the remainder when q is divided by 7?
6
Let g(b) = b**2 - 5*b + 11. Let q(h) = 2*h - 3. What is the remainder when g(5) is divided by q(5)?
4
Let f(d) = -4*d + 0*d + d + d + 5. What is the remainder when 55 is divided by f(-7)?
17
Suppose -l = 5 - 3. Calculate the remainder when 11 is divided by -3 - l - (2 - 7).
3
Let p(v) = v**3 - 7*v**2 - 5*v - 13. Let y(g) = -9*g + 2. What is the remainder when y(-2) is divided by p(8)?
9
Suppose 0*d + 3*d + 19 = 2*l, 3*d = l - 17. Suppose z + 3*z - 8 = 0. Suppose -z*r = l*r - 8, 3*o - 29 = 5*r. What is the remainder when o is divided by 7?
6
Calculate the remainder when 81 is divided by (-2 + 1 - 20)*(-28 + 27).
18
Suppose 0 = 4*p + 4 + 32. Let d = p + 20. Suppose -3*m = -60 - 0. What is the remainder when m is divided by d?
9
Let d(j) = j + 4. Suppose 0*q - 3*q = -4*v + 20, 4*q = 5*v - 26. What is the remainder when 23 is divided by d(v)?
5
Suppose 4*p = 16, 2*i + 4*p - 28 = -i. Suppose m - 4*a - 84 = -m, 156 = 4*m - i*a. What is the remainder when m is divided by 19?
17
Suppose -72 = -3*d + 3*s, -5*s = -4*d + 128 - 35. Suppose -3*b + m + 18 = 0, 4*m - 23 = -4*b + 17. What is the remainder when d is divided by b?
6
Suppose -v + 57 = 13. Suppose -o - 4 = 3*a, a + 6 = 3*o + 18. Suppose r + r - v = a. Calculate the remainder when r is divided by 12.
10
Let f(o) = -o**3 + o**2 + 2*o. Let l = 0 - -3. Let u be f(l). What is the remainder when 13 is divided by ((-15)/u)/((-3)/(-12))?
3
Let u = -4 + 7. Suppose 12 = 5*g - 3*g. What is the remainder when g is divided by u?
0
Suppose 3*z - 13 = 2. Suppose n - 106 = -3*t + 2*n, 3*n = z*t - 178. What is the remainder when t is divided by 12?
11
Let g(j) = 2*j**2 - 5*j + 2. Let r = 10 + -7. Let f be g(r). Suppose 5*l - 4*u - f = 68, l + 5*u - 3 = 0. What is the remainder when l is divided by 7?
6
What is the remainder when 25 is divided by (19 + 2)*(-1)/(-3)?
4
Suppose 4*t - 76 + 0 = 0. Let y = -13 + 20. Calculate the remainder when t is divided by y.
5
Let q(m) = -m**3 + 4*m**2 + 7*m - 6. Suppose 3*o + 0*g - 26 = -g, 5*o = -g + 40. Suppose -48 = -5*p + o. Calculate the remainder when p is divided by q(5).
3
Suppose 0 = -4*w + h - 2*h - 49, 2*h + 62 = -5*w. Let b = w + 17. Let s(c) = -c**3 + 7*c**2 - 6*c - 4. What is the remainder when 31 is divided by s(b)?
15
Suppose 7*u - 9*u = -32. Calculate the remainder when 44 is divided by u.
12
Suppose 4*k + 2*b - 284 = 0, -5*k = -0*k - 5*b - 355. What is the remainder when k is divided by 25?
21
Suppose -73 = -2*y - w, -5*w - 59 = 5*y - 244. Calculate the remainder when y is divided by 11.
3
Let r(c) = -3*c - 13. What is the remainder when 30 is divided by r(-8)?
8
Suppose 192*x + 125 = 197*x. Calculate the remainder when 74 is divided by x.
24
What is the remainder when 24 is divided by (-4 + 6)*-2 - (1 - 11)?
0
Suppose -5*z + 167 = -408. What is the remainder when z is divided by 24?
19
Let y(b) = -b**2 - 9*b + 12. Calculate the remainder when y(-9) is divided by 7.
5
Let u = 34 - -15. Let m = -23 + u. Suppose c - m = -c. What is the remainder when 24 is divided by c?
11
Suppose -3*x = 3*b - 0*b - 39, -5*x = -4*b - 29. What is the remainder when 42 is divided by x?
6
Suppose -3*g - 3*m + 307 = 94, 2*m + 142 = 2*g. What is the remainder when g is divided by 15?
11
Suppose -4*y - 56 = -284. Calculate the remainder when y is divided by 30.
27
Suppose 0 = 2*g - 3 - 3. Suppose 4*f = -5*u + 95, -g*u + f - 18 = -4*u. Let r(h) = -h**3 + 6*h**2 + 2*h. What is the remainder when u is divided by r(6)?
11
Let c = 60 - 46. What is the remainder when 41 is divided by c?
13
Suppose 4*h - 9*h = -595. Calculate the remainder when h is divided by 24.
23
Suppose -2*r = -4*r + 4. Let z be 0*r/(-4)*2. Suppose -2 = -c - z*c. What is the remainder when 5 is divided by c?
1
Let n(o) = -o**3 + 7*o**2 - 3*o. Suppose -3 = -s + 31. Calculate the remainder when s is divided by n(6).
16
Suppose 0*i - 2*i = -6. Suppose i*g + y - 23 = -4*y, -3*g = -4*y - 41. Calculate the remainder when 42 is divided by g.
9
Suppose 2*v = -0*v - 204. What is the remainder when (2